-22201200201?
-22201200201
In base 5, what is -1003 + -2202?
-3210
In base 15, what is -63 - 9e2c?
-9e90
In base 11, what is 3 + 1938?
1940
In base 5, what is 10 + 2331140?
2331200
In base 13, what is 4 + -6a88?
-6a84
In base 15, what is 3 + 4ae9?
4aec
In base 13, what is 0 - -1b05?
1b05
In base 10, what is 18 - 152?
-134
In base 11, what is -47297a - 4?
-472983
In base 16, what is 13 + 3d47?
3d5a
In base 3, what is 22 - 1201002110001?
-1201002102202
In base 13, what is 29 + 229?
255
In base 4, what is -211 - 111013323?
-111020200
In base 6, what is 111 - -3241?
3352
In base 6, what is -22254 + 104?
-22150
In base 8, what is 2576 + -324?
2252
In base 10, what is -24774 - -133?
-24641
In base 7, what is -41 + 25114?
25043
In base 2, what is -1111011010011110010110 + 100?
-1111011010011110010010
In base 6, what is -105414021 + 4?
-105414013
In base 6, what is -1354551 - -13?
-1354534
In base 6, what is 1012 + -110?
502
In base 3, what is -20021010 - -10?
-20021000
In base 13, what is 3 + 41c?
422
In base 12, what is 3 + 6569?
6570
In base 7, what is -3 - -13252?
13246
In base 12, what is -63bb - 21?
-6420
In base 10, what is -2212 - -34?
-2178
In base 12, what is -2479a5 + -2?
-2479a7
In base 10, what is 3 - 38733?
-38730
In base 16, what is -e4ed - 4?
-e4f1
In base 2, what is 1100 - 11011001010?
-11010111110
In base 9, what is -6 + -22051?
-22057
In base 5, what is 20233013 + -10?
20233003
In base 9, what is -702844 + 2?
-702842
In base 9, what is 1 - 3676?
-3675
In base 7, what is 132 - 1321?
-1156
In base 13, what is -5359 + -1?
-535a
In base 5, what is 30343404 + 2?
30343411
In base 15, what is 8516 - -29?
8540
In base 8, what is -1 - -11132?
11131
In base 2, what is 10100000 - -1000100011?
1011000011
In base 5, what is 4 - 2443003?
-2442444
In base 16, what is 510b5 + 3?
510b8
In base 3, what is 10 - 200122122?
-200122112
In base 9, what is -552 - -364?
-177
In base 10, what is 6 + 34311?
34317
In base 5, what is -1013023 - 24?
-1013102
In base 15, what is -2 + 358?
356
In base 14, what is 32 + 1293?
12c5
In base 6, what is -11 + 4304?
4253
In base 7, what is 12 - -343?
355
In base 2, what is -1000 - 101001001110100?
-101001001111100
In base 15, what is -4d42 + -3?
-4d45
In base 8, what is 17357 + 23?
17402
In base 12, what is 5187a + 5?
51883
In base 13, what is 14 - 9bc5?
-9bb1
In base 10, what is -29 + -1108?
-1137
In base 15, what is 7a + -3450?
-33c5
In base 2, what is 101 - 10011111001001000?
-10011111001000011
In base 15, what is -521 - -231?
-2e0
In base 13, what is 3 - -13a589?
13a58c
In base 8, what is -4 - -24102?
24076
In base 16, what is -602 - -5d?
-5a5
In base 12, what is -30b19 + 0?
-30b19
In base 13, what is 9 - -346?
352
In base 4, what is 3 + -211001203?
-211001200
In base 8, what is 306441 - 1?
306440
In base 15, what is 291e + -3?
291b
In base 5, what is -1300421 + -1?
-1300422
In base 11, what is 203 + 14a?
352
In base 12, what is 2 + -17b87?
-17b85
In base 9, what is 1036 - 2330?
-1283
In base 12, what is -106a + -2?
-1070
In base 9, what is 17 - -4350?
4367
In base 11, what is -2860 + -6?
-2866
In base 14, what is 1595 - 36b?
1228
In base 10, what is 4463 - -53?
4516
In base 7, what is -414031 - 4?
-414035
In base 10, what is -445 - -45?
-400
In base 10, what is 0 - -11615?
11615
In base 14, what is 1 + -39c55?
-39c54
In base 8, what is -352 - -735?
363
In base 4, what is 2231 + 312220?
321111
In base 4, what is -30123 - -3122?
-21001
In base 2, what is 11100 + -101101011?
-101001111
In base 10, what is 277895 + -3?
277892
In base 4, what is -11121313 - 112?
-11122031
In base 13, what is -11ca7 - 2?
-11ca9
In base 12, what is -7727 - 30?
-7757
In base 13, what is bb - -36?
124
In base 12, what is 9a549 + 5?
9a552
In base 4, what is 0 - 1202113223?
-1202113223
In base 11, what is 242aa + 137?
24436
In base 3, what is 12022120 - 100212?
11221201
In base 4, what is -32231300 + 13?
-32231221
In base 5, what is -24 - 2131414?
-2131443
In base 8, what is -1 - -50136?
50135
In base 13, what is -48 + 1375?
132a
In base 6, what is 3450342 - 34?
3450304
In base 13, what is -14 - 545?
-559
In base 16, what is -6fd + a6?
-657
In base 16, what is 1d - -2876?
2893
In base 4, what is 11 + 3012132302?
3012132313
In base 8, what is 10576 - -11?
10607
In base 5, what is -1222 - 310314?
-312041
In base 4, what is -3 - -2201331?
2201322
In base 12, what is -16041 + 9?
-16034
In base 15, what is -1bc2c50 - 5?
-1bc2c55
In base 4, what is 1 - 1131013023?
-1131013022
In base 9, what is -8345 + -51?
-8406
In base 15, what is 14abe + 1b?
14ada
In base 9, what is -33 + 2806?
2763
In base 6, what is 215025 - -154?
215223
In base 11, what is -139 + -1095?
-1223
In base 13, what is ba + -68c?
-5a2
In base 7, what is 4344 - 1?
4343
In base 7, what is 3530 - -10?
3540
In base 3, what is -12020222 - 1?
-12021000
In base 16, what is -f7 + 55?
-a2
In base 12, what is -737 - 1a8?
-923
In base 10, what is 996 - 39?
957
In base 3, what is 22202200202 - 12?
22202200120
In base 4, what is 20233130331 - 2?
20233130323
In base 16, what is 11e983 + 5?
11e988
In base 2, what is 10111001100111 + 1?
10111001101000
In base 8, what is -330730 + -1?
-330731
In base 10, what is 6058 - 6?
6052
In base 2, what is 11010100110 - -1001010100?
100011111010
In base 3, what is 1 + -12110002122?
-12110002121
In base 5, what is -344203141 + -4?
-344203200
In base 13, what is -749 + 24?
-725
In base 14, what is -1 - 176d7?
-176d8
In base 15, what is -3e2a - d?
-3e38
In base 9, what is 3 + -3574?
-3571
In base 9, what is -317 - -76?
-231
In base 7, what is -21510 - -11?
-21466
In base 4, what is -1211133 + 11?
-1211122
In base 10, what is 1034 - 10?
1024
In base 7, what is -153131 - -24?
-153104
In base 10, what is 5905 - 6?
5899
In base 6, what is -3 - 203235?
-203242
In base 7, what is 1000664 + -2?
1000662
In base 2, what is 11001110 + 110101010?
1001111000
In base 13, what is -542 - 38?
-57a
In base 16, what is e2 + -200?
-11e
In base 7, what is 202 + -53124?
-52622
In base 15, what is -4ddb + -2?
-4ddd
In base 13, what is -566ca + 2?
-566c8
In base 14, what is 9c574 - 0?
9c574
In base 3, what is -10111002221201 + -1?
-10111002221202
In base 14, what is -21a + -16c?
-388
In base 16, what is 1 + 4af1?
4af2
In base 16, what is 5d6 - 3?
5d3
In base 14, what is 1530ac - -2?
1530b0
In base 12, what is 13 - 6152?
-613b
In base 5, what is -411 - -20?
-341
In base 14, what is 337 - 7c3?
-48a
In base 16, what is -1776 + -676?
-1dec
In base 3, what is 11110212220 + -12?
11110212201
In base 11, what is -112 + -5a4?
-706
In base 14, what is -15 + 12079?
12064
In base 9, what is -146 - -153?
6
In base 7, what is -1 - -42503?
42502
In base 10, what is 23601 + -222?
23379
In base 6, what is 3245530 + 1?
3245531
In base 6, what is 4415 - 154?
4221
In base 6, what is 1423 - -2301?
4124
In base 15, what is -2 + 30b6?
30b4
In base 4, what is -2301 - -101300?
32333
In base 3, what is -22202021 + 10?
-22202011
In base 13, what is 155a + -3?
1557
In base 4, what is 31 - -22302013?
22302110
In base 15, what is 1d2 + -26a?
-88
In base 6, what is -2 - 54113?
-54115
In base 6, what is -21333234 - 0?
-21333234
In base 14, what is 9522 - 8?
9518
In base 5, what is 4 + -43340444?
-43340440
In base 7, what is -3 - -145540?
145534
In base 11, what is -1 - -445157?
445156
In base 3, what is -11 - -11012200?
11012112
In base 8, what is 2 + -167322?
-167320
In base 2, what is -1100010011011010000 - 100?
-1100010011011010100
In base 7, what is 16 + 6231?
6250
In base 9, what is -887 + 218?
-668
In base 2, what is 110 + -10000001110110?
-10000001110000
In base 15, what is 1b - -232?
24d
In base 5, what is 400 + 214?
1114
In base 8, what is 442 + 4244?
4706
In base 16, what is -5 + -1c143?
-1c148
In base 14, what is -57dcd - b?
-57dda
In base 13, what is -3035 - 40?
-3075
In base 5, what is -23203302 - -4?
-23203243
In base 7, what is 20 - 35603?
-35553
In base 15, what is -67 + -46?
-ad
In base 8, what is 3 - -47666?
47671
In base 9, what is -737 + -7657?
-8505
In base 2, what is 1100001000 - -111101101110?
1001001110110
In base 4, what is -33030 - 1211?
-100301
In base 10, what is 415985 + -1?
415984
In base 9, what is 223 + 23462?
23685
In base 2, what is 1001010111001011 + 10?
1001010111001101
In base